{"id":10650,"date":"2025-07-21T00:01:36","date_gmt":"2025-07-20T22:01:36","guid":{"rendered":"https:\/\/www.mondialmobilier.com\/?post_type=product&#038;p=10650"},"modified":"2025-07-21T00:01:36","modified_gmt":"2025-07-20T22:01:36","slug":"bureau-unity-ref-b4081","status":"publish","type":"product","link":"https:\/\/www.mondialmobilier.com\/index.php\/product\/bureau-unity-ref-b4081\/","title":{"rendered":"Bureau unity r\u00e9f b4081"},"content":{"rendered":"<ul>\n<li data-end=\"495\" data-start=\"333\">\n<p data-end=\"495\" data-start=\"335\"><strong data-end=\"362\" data-start=\"335\">Design moderne et \u00e9pur\u00e9<\/strong>\u00a0: Le Bureau Unity offre une esth\u00e9tique contemporaine qui s&#8217;int\u00e8gre ais\u00e9ment dans divers environnements professionnels et personnels.<\/p>\n<\/li>\n<li data-end=\"621\" data-start=\"497\">\n<p data-end=\"621\" data-start=\"499\"><strong data-end=\"523\" data-start=\"499\">Mat\u00e9riaux de qualit\u00e9<\/strong>\u00a0: Fabriqu\u00e9 \u00e0 partir de panneaux de MDF, il assure robustesse et durabilit\u00e9.<\/p>\n<\/li>\n<li data-end=\"760\" data-start=\"623\">\n<p data-end=\"760\" data-start=\"625\"><strong data-end=\"650\" data-start=\"625\">Dimensions g\u00e9n\u00e9reuses<\/strong>\u00a0: Sa surface de travail spacieuse permet d&#8217;accueillir ordinateur, documents et autres accessoires essentiels.<\/p>\n<\/li>\n<li data-end=\"900\" data-start=\"762\">\n<p data-end=\"900\" data-start=\"764\"><strong data-end=\"797\" data-start=\"764\">Espaces de rangement int\u00e9gr\u00e9s<\/strong>\u00a0: \u00c9quip\u00e9 de tiroirs ou de compartiments, il facilite une organisation efficace de l&#8217;espace de travail.<\/p>\n<\/li>\n<li data-end=\"1020\" data-start=\"902\">\n<p data-end=\"1020\" data-start=\"904\"><strong data-end=\"926\" data-start=\"904\">Finitions soign\u00e9es<\/strong>\u00a0: Disponible en plusieurs finitions, il peut s&#8217;harmoniser avec diff\u00e9rents styles d&#8217;int\u00e9rieur.<\/p>\n<\/li>\n<li data-end=\"1020\" data-start=\"902\"><strong>Dimensions :\u00a0<\/strong>140 x 70 x 75 cm<\/li>\n<\/ul>\n","protected":false},"excerpt":{"rendered":"<p>Design moderne et \u00e9pur\u00e9\u00a0: Le Bureau Unity offre une esth\u00e9tique contemporaine qui s&#8217;int\u00e8gre ais\u00e9ment dans divers environnements professionnels et personnels. Mat\u00e9riaux de qualit\u00e9\u00a0: Fabriqu\u00e9 \u00e0 partir de panneaux de MDF, il assure robustesse et durabilit\u00e9. Dimensions g\u00e9n\u00e9reuses\u00a0: Sa surface de travail spacieuse permet d&#8217;accueillir ordinateur, documents et autres accessoires essentiels. Espaces de rangement int\u00e9gr\u00e9s\u00a0: \u00c9quip\u00e9 [&hellip;]<\/p>\n","protected":false},"featured_media":10651,"template":"","meta":[],"product_brand":[],"product_cat":[300,303],"product_tag":[],"class_list":{"0":"post-10650","1":"product","2":"type-product","3":"status-publish","4":"has-post-thumbnail","6":"product_cat-bureaux","7":"product_cat-bureaux-individuels","9":"first","10":"instock","11":"shipping-taxable","12":"purchasable","13":"product-type-simple"},"_links":{"self":[{"href":"https:\/\/www.mondialmobilier.com\/index.php\/wp-json\/wp\/v2\/product\/10650","targetHints":{"allow":["GET"]}}],"collection":[{"href":"https:\/\/www.mondialmobilier.com\/index.php\/wp-json\/wp\/v2\/product"}],"about":[{"href":"https:\/\/www.mondialmobilier.com\/index.php\/wp-json\/wp\/v2\/types\/product"}],"wp:featuredmedia":[{"embeddable":true,"href":"https:\/\/www.mondialmobilier.com\/index.php\/wp-json\/wp\/v2\/media\/10651"}],"wp:attachment":[{"href":"https:\/\/www.mondialmobilier.com\/index.php\/wp-json\/wp\/v2\/media?parent=10650"}],"wp:term":[{"taxonomy":"product_brand","embeddable":true,"href":"https:\/\/www.mondialmobilier.com\/index.php\/wp-json\/wp\/v2\/product_brand?post=10650"},{"taxonomy":"product_cat","embeddable":true,"href":"https:\/\/www.mondialmobilier.com\/index.php\/wp-json\/wp\/v2\/product_cat?post=10650"},{"taxonomy":"product_tag","embeddable":true,"href":"https:\/\/www.mondialmobilier.com\/index.php\/wp-json\/wp\/v2\/product_tag?post=10650"}],"curies":[{"name":"wp","href":"https:\/\/api.w.org\/{rel}","templated":true}]}}