{"id":10685,"date":"2025-09-02T14:16:04","date_gmt":"2025-09-02T12:16:04","guid":{"rendered":"https:\/\/www.mondialmobilier.com\/?post_type=product&#038;p=10685"},"modified":"2025-09-02T14:16:04","modified_gmt":"2025-09-02T12:16:04","slug":"bureau-de-direction-amiral-ref-b4047","status":"publish","type":"product","link":"https:\/\/www.mondialmobilier.com\/index.php\/product\/bureau-de-direction-amiral-ref-b4047\/","title":{"rendered":"Bureau de direction amiral r\u00e9f b4047"},"content":{"rendered":"<ul>\n<li><strong>Design \u00e9l\u00e9gant et moderne<\/strong>\u00a0: Une combinaison de finitions en bois clair et de surfaces lisses pour une esth\u00e9tique professionnelle.<\/li>\n<li><strong>Mat\u00e9riaux<\/strong>\u00a0:\n<ul>\n<li>Plateau en MDF de haute qualit\u00e9 avec finition stratifi\u00e9e.<\/li>\n<li>Pi\u00e8tement et structures renforc\u00e9es pour une durabilit\u00e9 optimale.<\/li>\n<\/ul>\n<\/li>\n<li><strong>Rangement int\u00e9gr\u00e9<\/strong>\u00a0:\n<ul>\n<li>Meuble de rangement haut avec \u00e9tag\u00e8res ouvertes et ferm\u00e9es.<\/li>\n<li>Une armoire lat\u00e9rale int\u00e9gr\u00e9e pour un espace de stockage suppl\u00e9mentaire.<\/li>\n<\/ul>\n<\/li>\n<li><strong>Ergonomie<\/strong>\u00a0: Grand espace de travail adapt\u00e9 pour les \u00e9quipements professionnels.<\/li>\n<li><strong>\u00c9l\u00e9ments d\u00e9coratifs<\/strong>\u00a0: Accents modernes tels que des panneaux rainur\u00e9s sur les meubles pour plus de style.<\/li>\n<li><strong>Dimensions :\u00a0<\/strong>2m40<\/li>\n<\/ul>\n","protected":false},"excerpt":{"rendered":"<p>Design \u00e9l\u00e9gant et moderne\u00a0: Une combinaison de finitions en bois clair et de surfaces lisses pour une esth\u00e9tique professionnelle. Mat\u00e9riaux\u00a0: Plateau en MDF de haute qualit\u00e9 avec finition stratifi\u00e9e. Pi\u00e8tement et structures renforc\u00e9es pour une durabilit\u00e9 optimale. Rangement int\u00e9gr\u00e9\u00a0: Meuble de rangement haut avec \u00e9tag\u00e8res ouvertes et ferm\u00e9es. Une armoire lat\u00e9rale int\u00e9gr\u00e9e pour un espace [&hellip;]<\/p>\n","protected":false},"featured_media":10686,"template":"","meta":[],"product_brand":[],"product_cat":[300,301],"product_tag":[],"class_list":{"0":"post-10685","1":"product","2":"type-product","3":"status-publish","4":"has-post-thumbnail","6":"product_cat-bureaux","7":"product_cat-bureaux-de-direction","9":"first","10":"instock","11":"shipping-taxable","12":"purchasable","13":"product-type-simple"},"_links":{"self":[{"href":"https:\/\/www.mondialmobilier.com\/index.php\/wp-json\/wp\/v2\/product\/10685","targetHints":{"allow":["GET"]}}],"collection":[{"href":"https:\/\/www.mondialmobilier.com\/index.php\/wp-json\/wp\/v2\/product"}],"about":[{"href":"https:\/\/www.mondialmobilier.com\/index.php\/wp-json\/wp\/v2\/types\/product"}],"wp:featuredmedia":[{"embeddable":true,"href":"https:\/\/www.mondialmobilier.com\/index.php\/wp-json\/wp\/v2\/media\/10686"}],"wp:attachment":[{"href":"https:\/\/www.mondialmobilier.com\/index.php\/wp-json\/wp\/v2\/media?parent=10685"}],"wp:term":[{"taxonomy":"product_brand","embeddable":true,"href":"https:\/\/www.mondialmobilier.com\/index.php\/wp-json\/wp\/v2\/product_brand?post=10685"},{"taxonomy":"product_cat","embeddable":true,"href":"https:\/\/www.mondialmobilier.com\/index.php\/wp-json\/wp\/v2\/product_cat?post=10685"},{"taxonomy":"product_tag","embeddable":true,"href":"https:\/\/www.mondialmobilier.com\/index.php\/wp-json\/wp\/v2\/product_tag?post=10685"}],"curies":[{"name":"wp","href":"https:\/\/api.w.org\/{rel}","templated":true}]}}