{"id":10727,"date":"2025-09-03T23:05:20","date_gmt":"2025-09-03T21:05:20","guid":{"rendered":"https:\/\/www.mondialmobilier.com\/?post_type=product&#038;p=10727"},"modified":"2025-09-03T23:05:21","modified_gmt":"2025-09-03T21:05:21","slug":"pack-minshuku-bureau-220cm-pack-fauteuils-table-basse-armoire-haute-vitres-ref-b3585","status":"publish","type":"product","link":"https:\/\/www.mondialmobilier.com\/index.php\/product\/pack-minshuku-bureau-220cm-pack-fauteuils-table-basse-armoire-haute-vitres-ref-b3585\/","title":{"rendered":"Pack minshuku ( bureau 220cm + pack fauteuils + table basse + armoire haute vitres ) r\u00e9f b3585"},"content":{"rendered":"<p class=\"selectable-text copyable-text x15bjb6t x1n2onr6\" dir=\"ltr\"><span class=\"selectable-text copyable-text\">anti rayures d&#8217;origine allemande<\/span><\/p>\n<p class=\"selectable-text copyable-text x15bjb6t x1n2onr6\" dir=\"ltr\"><span class=\"selectable-text copyable-text\">c<\/span><span class=\"selectable-text copyable-text\">ouleur noyer et Gris anthracite<\/span><\/p>\n<p class=\"selectable-text copyable-text x15bjb6t x1n2onr6\" dir=\"ltr\"><span class=\"selectable-text copyable-text\">Epaisseur : 50mm\u00a0<\/span><\/p>\n<p class=\"selectable-text copyable-text x15bjb6t x1n2onr6\" dir=\"ltr\"><span class=\"selectable-text copyable-text\">Dim : 220x200x76cm<\/span><\/p>\n<p class=\"selectable-text copyable-text x15bjb6t x1n2onr6\" dir=\"ltr\"><span class=\"selectable-text copyable-text\">existe avec retour gauche au droit au choix<\/span><\/p>\n<p class=\"selectable-text copyable-text x15bjb6t x1n2onr6\" dir=\"ltr\"><span class=\"selectable-text copyable-text\">passe c\u00e2ble en aluminium<\/span><\/p>\n<p class=\"selectable-text copyable-text x15bjb6t x1n2onr6\" dir=\"ltr\"><span class=\"selectable-text copyable-text\">sous main avec profit chrom\u00e9.<\/span><\/p>\n<h2 class=\"selectable-text copyable-text x15bjb6t x1n2onr6\" dir=\"ltr\"><span class=\"selectable-text copyable-text\"><strong>Fauteuil directeur dossier haut\u00a0<\/strong><\/span><\/h2>\n<p class=\"selectable-text copyable-text x15bjb6t x1n2onr6\" dir=\"ltr\"><span class=\"selectable-text copyable-text\"><br \/>\n\u2022 Finition en cuir synth\u00e9tique<\/p>\n<p>\u2022 Structure : En mousse de polyur\u00e9thane moul\u00e9e<\/p>\n<p>avec insert en m\u00e9tal ;<\/p>\n<p>\u2022 Rembourrage : Mousse de polyur\u00e9thane \u00e0<\/p>\n<p>densit\u00e9 diff\u00e9renci\u00e9e pour les zones de plus grand confort, et<\/p>\n<p>matelassage en ouate de polyester ;<\/p>\n<p>\u2022 Pi\u00e9tement : A cinq rayons ;<\/p>\n<p>Finition du pi\u00e9tement :chrom\u00e9<\/p>\n<p>&#8211; Appuis : Roulettes type &#8220;W&#8221; auto-frein\u00e9es<\/p>\n<p>souples \u2014 Patins ;<\/p>\n<p>\u2022 Rev\u00eatement en cuir synth\u00e9tique et enrichi par des<\/p>\n<p>coutures ton sur ton ;<\/p>\n<p>\u2022 Fonction : Rotation \u00e0 360\u00b0 ;<\/p>\n<p>\u2022 R\u00e9glage de la hauteur de l&#8217;assise : inclinaison<\/p>\n<p><\/span><\/p>\n<h3 class=\"selectable-text copyable-text x15bjb6t x1n2onr6\" dir=\"ltr\"><span class=\"selectable-text copyable-text\"><strong>Fauteuil visiteur dossier haut :<\/strong><\/span><\/h3>\n<p class=\"selectable-text copyable-text x15bjb6t x1n2onr6\" dir=\"ltr\"><span class=\"selectable-text copyable-text\">&#8211; Finition en cuir synth\u00e9tique ;<br \/>\n&#8211; Structure : En mousse de polyur\u00e9thane moul\u00e9e<br \/>\navec insert en m\u00e9tal ;<br \/>\n&#8211; Rembourrage : Mousse de polyur\u00e9thane \u00e0<br \/>\ndensit\u00e9 diff\u00e9renci\u00e9e pour les zones de plus grand confort, et<br \/>\nmatelassage en ouate de polyester ;<br \/>\n&#8211; Pi\u00e9tement : luge<br \/>\nFinition du pi\u00e9tement : chrom\u00e9<br \/>\n&#8211; Rev\u00eatement en cuir synth\u00e9tique et enrichi par des<br \/>\ncoutures ton sur ton ;<br \/>\n&#8211; Fonction : Rotation \u00e0 360\u00b0 ;<br \/>\n&#8211; R\u00e9glage de la hauteur de l&#8217;assise : inclinaison<\/p>\n<p>et oscillation &#8220;synchrone&#8221; du dossier avec la possibilit\u00e9 de<\/p>\n<p>partialisassions et de r\u00e9glage de la force d\u2019oscillation. Ce<\/p>\n<p>m\u00e9canisme permet au fauteuil de suivre extr\u00eamement<\/p>\n<p>facilement la position du corps, en s&#8217;adaptant \u00e0 ses<\/p>\n<p>mouvements et en garantissant une s\u00e9rie continue de 5<\/p>\n<p>positions, qui vont de la chaise droite \u00e0 une chaise longue<\/p>\n<p>proprement dite. On active ce m\u00e9canisme en faisant pression<\/p>\n<p>avec le corps sur le dossier et en tirant, une fois assis, le levier<\/p>\n<p>situ\u00e9 sous l&#8217;assise, du c\u00f4t\u00e9 gauche. En agissant sur la poign\u00e9e<\/p>\n<p>centrale sous le si\u00e8ge, on peut r\u00e9gler la force d&#8217;oscillation.<\/span><\/p>\n<h4 class=\"selectable-text copyable-text x15bjb6t x1n2onr6\" dir=\"ltr\">Armoire Haute Vitres :<\/h4>\n<p>En bois avec 4 \u00e9tag\u00e8re\u00a0et deux portes battante vitr\u00e9s<\/p>\n<p>Dim : 200cmx80cmx40<\/p>\n<h5>Table basse :<\/h5>\n<p>en bois MDF<\/p>\n<p>Dim 60cmx60cm<\/p>\n","protected":false},"excerpt":{"rendered":"<p>anti rayures d&#8217;origine allemande couleur noyer et Gris anthracite Epaisseur : 50mm\u00a0 Dim : 220x200x76cm existe avec retour gauche au droit au choix passe c\u00e2ble en aluminium sous main avec profit chrom\u00e9. Fauteuil directeur dossier haut\u00a0 \u2022 Finition en cuir synth\u00e9tique \u2022 Structure : En mousse de polyur\u00e9thane moul\u00e9e avec insert en m\u00e9tal ; \u2022 [&hellip;]<\/p>\n","protected":false},"featured_media":10728,"template":"","meta":[],"product_brand":[],"product_cat":[300,304],"product_tag":[],"class_list":{"0":"post-10727","1":"product","2":"type-product","3":"status-publish","4":"has-post-thumbnail","6":"product_cat-bureaux","7":"product_cat-ensemble-de-bureau","9":"first","10":"instock","11":"sale","12":"shipping-taxable","13":"purchasable","14":"product-type-simple"},"_links":{"self":[{"href":"https:\/\/www.mondialmobilier.com\/index.php\/wp-json\/wp\/v2\/product\/10727","targetHints":{"allow":["GET"]}}],"collection":[{"href":"https:\/\/www.mondialmobilier.com\/index.php\/wp-json\/wp\/v2\/product"}],"about":[{"href":"https:\/\/www.mondialmobilier.com\/index.php\/wp-json\/wp\/v2\/types\/product"}],"wp:featuredmedia":[{"embeddable":true,"href":"https:\/\/www.mondialmobilier.com\/index.php\/wp-json\/wp\/v2\/media\/10728"}],"wp:attachment":[{"href":"https:\/\/www.mondialmobilier.com\/index.php\/wp-json\/wp\/v2\/media?parent=10727"}],"wp:term":[{"taxonomy":"product_brand","embeddable":true,"href":"https:\/\/www.mondialmobilier.com\/index.php\/wp-json\/wp\/v2\/product_brand?post=10727"},{"taxonomy":"product_cat","embeddable":true,"href":"https:\/\/www.mondialmobilier.com\/index.php\/wp-json\/wp\/v2\/product_cat?post=10727"},{"taxonomy":"product_tag","embeddable":true,"href":"https:\/\/www.mondialmobilier.com\/index.php\/wp-json\/wp\/v2\/product_tag?post=10727"}],"curies":[{"name":"wp","href":"https:\/\/api.w.org\/{rel}","templated":true}]}}